be x(0). What is the greatest common divisor of 72 and i?
8
Let r be (-4 + 5 + 43)/2. Calculate the greatest common divisor of r and 11.
11
Let j be 12*(-3 + (-40)/(-12)). Let q(u) = -u**2 + 4*u + 7. Let b be q(5). Suppose -t = -b*t + 4. What is the greatest common factor of t and j?
4
Let m = -9 + 12. Suppose -5*w = 4*b - 16, -w - 3*b + 12 = -2*w. Let x be -5 + 13 - (m + w). What is the highest common factor of 15 and x?
5
Suppose 12 + 4 = g. Calculate the highest common factor of 32 and g.
16
Suppose 122 = -h - h. Let q be 1*((-9)/(-3) - h). What is the highest common divisor of 8 and q?
8
Suppose -5 + 1 = -q. Let c(n) = -n**3 - 4*n**2 - 4*n + 1. Let h be c(-3). What is the highest common factor of q and h?
4
Let m = 70 - 48. What is the highest common divisor of m and 66?
22
Let a(n) = 10*n**2 - 6*n + 5. Let x be a(3). What is the highest common divisor of 7 and x?
7
Let v(y) = -y**2 - 8*y + 2. Let b = 3 - 7. Let w be v(b). Suppose -5*i = r - 27, -r = 3*r + 3*i - 23. Calculate the greatest common factor of r and w.
2
Suppose -72 - 64 = -4*d. Calculate the highest common divisor of d and 374.
34
Let b be -3*1 + (-6 - -5). Let l be (-2)/b*10*15. What is the highest common divisor of 50 and l?
25
Let b(a) = a**3 - 8*a**2 - 19*a + 3. Let u be b(10). Calculate the highest common factor of u and 39.
13
Let n be -1 + 1 - 44/(-1). What is the greatest common divisor of n and 66?
22
Suppose -136 = -3*m + 2*v, -2*v - 48 = -3*m + 2*m. Calculate the greatest common factor of m and 4.
4
Let a be -3*15/(-6)*-18. Let f = 256 + a. What is the greatest common factor of f and 11?
11
Let i = 10 + 28. Calculate the greatest common divisor of i and 19.
19
Suppose 4*g - 30 = 34. What is the highest common divisor of g and 4?
4
Let t be (0 - -2) + (39 - 3). Calculate the greatest common factor of t and 95.
19
Suppose z = 5 - 3. Suppose -z*c = -0*c - 6. Let d = -1 + c. Calculate the highest common divisor of 18 and d.
2
Let m be (-8)/(-5*4/(-50)). Let i be (24/5)/((-6)/m). Calculate the highest common divisor of i and 4.
4
Let q = -17 + 23. Suppose 0 = 3*c + 2*b - 73 - 3, c - 2*b = 20. What is the highest common factor of c and q?
6
Let c = -148 - -324. What is the highest common divisor of c and 22?
22
Let w = 15 + 15. Let n = 18 - 3. What is the greatest common factor of n and w?
15
Suppose -11 = 2*r - u, 2*u + 57 - 23 = -3*r. Let i be 1/(-2 - -1)*r. What is the highest common factor of i and 20?
4
Let h = 45 - -11. Calculate the highest common factor of 8 and h.
8
Suppose -28 = -5*c - z, -4*z - 8 = -0. Suppose -4*h - 4*b + 11 - 3 = 0, b - 12 = -3*h. Let f = 14 - h. Calculate the greatest common divisor of f and c.
3
Let r be ((-3)/(-2))/(3/16). Suppose -5*i = -3*c + 4*c - 37, i - 23 = 5*c. What is the highest common divisor of i and r?
8
Suppose -2*p + 16 = 2*l, -3*l - 4*p - 7 = -29. Calculate the greatest common divisor of 270 and l.
10
Let j = -156 - -110. Let p be j/(-14) - 2/7. What is the greatest common factor of 9 and p?
3
Let f = -19 + 37. Calculate the greatest common divisor of f and 72.
18
Suppose -8*a + 24 = -5*a. Calculate the highest common factor of a and 8.
8
Suppose 2*o - 5*t - 80 = o, -426 = -5*o - t. Calculate the greatest common factor of o and 17.
17
Let h(f) = -f**2 - f - 1. Let p be h(0). Let d = 3 - p. Suppose -1 = d*x + 3, -2*x + 306 = 4*l. What is the greatest common divisor of 7 and l?
7
Suppose 2*q = -5*q + 70. Calculate the greatest common factor of q and 4.
2
Let h(o) = -o**2 - 3*o - 2. Let d be h(-4). Let z = 7 - d. What is the greatest common factor of 78 and z?
13
Suppose -5*n - 4*c = -200, 2*c = -2*n - 0*n + 82. Calculate the greatest common divisor of 18 and n.
18
Let t be (28/7)/(1/2). Let p = t + -4. What is the highest common divisor of 44 and p?
4
Let u be 0 + 28 - (-16 - -14). What is the highest common factor of 40 and u?
10
Suppose -o + 0*o + 19 = 4*g, -28 = -4*g - 4*o. Calculate the greatest common divisor of g and 14.
2
Let d(q) be the first derivative of q**4/4 + 5*q**3/3 - 2*q**2 - 3*q - 1. Let f be d(-5). Calculate the highest common factor of f and 119.
17
Let i = -41 + -75. Let p be i/(-10) - 3/5. Let u be (2/3)/((-6)/(-198)). Calculate the highest common divisor of u and p.
11
Let x be (5 + 1)*90/12. What is the greatest common factor of 9 and x?
9
Let o = -4 - -7. Suppose -2*t + 13 = v + t, -o*v - 5*t + 23 = 0. Let q be 0 - (v + (-51 - 2)). Calculate the highest common divisor of q and 13.
13
Suppose 37 = 5*v + 7. Let k(m) = -m**3 + m**2 + m - 1. Let n be k(2). Let b be (-2)/n - 32/(-6). Calculate the greatest common factor of b and v.
6
Let x = -115 + 151. Let s be -9*3/(9/(-4)). What is the greatest common divisor of s and x?
12
Suppose 3*m - 63 = 33. Let l = m + 43. What is the greatest common factor of 15 and l?
15
Suppose y - 67 = -7. Suppose 3*f = 7*f - u - 108, -y = -2*f - u. Let i = 46 - f. What is the highest common divisor of 6 and i?
6
Suppose g + 12 = -2*g, 0 = y - 2*g - 19. Calculate the highest common divisor of y and 77.
11
Let g(b) = -10*b - 4. Let f be g(-4). Let h be ((-15)/(-10))/(3/f). Let l be 1/(-2)*2*-18. What is the highest common divisor of h and l?
18
Suppose -6*v + 3*v = -5*x - 53, -2*x + 140 = 5*v. Calculate the greatest common divisor of 13 and v.
13
Let n(i) = -2*i + 174. Let h be n(24). Let w(c) = c**3 + c**2 - c + 3. Let z be w(0). Suppose -z*r = -21 - 21. What is the highest common factor of r and h?
14
Let h = 31 - 18. Suppose 14*g = 13*g + 117. What is the highest common divisor of g and h?
13
Let d = 7 - -10. Let c = -7 + d. Calculate the highest common factor of 110 and c.
10
Let b = -42 - -168. Calculate the highest common factor of b and 14.
14
Suppose 0 = 4*b - 0*b - 128. Calculate the greatest common factor of 4 and b.
4
Let u be ((-42)/(-4))/(3/4). Let o(t) = 4 + 2*t**2 - 3 + 2*t - t. Let a be o(-2). What is the highest common factor of u and a?
7
Suppose 3*v - 472 = -3*j - v, 4*j = -4*v + 636. What is the highest common divisor of j and 41?
41
Let m be (-141)/(-15) - (-2)/(-5). Let f be 2/m - 665/(-45). What is the greatest common divisor of f and 5?
5
Let l be (-1172)/(-6) - (-2)/3. Let n be (-8)/(60/35 - 2). What is the greatest common factor of n and l?
28
Suppose -3*v - 60 = -5*r + v, -60 = -5*r - 3*v. Let d = -67 + 24. Let z = -25 - d. Calculate the highest common factor of z and r.
6
Let x = 4 - -20. What is the highest common factor of 8 and x?
8
Suppose 0 = -j + 4 + 5. What is the greatest common divisor of j and 9?
9
Suppose 0 = z - 0*z - 6. Suppose -u = -2*j - z*u + 31, 0 = -3*j - 4*u + 36. Calculate the greatest common factor of 72 and j.
8
Let l(b) = 2*b**3 - b**2 - b + 1. Let o be l(2). What is the greatest common factor of o and 44?
11
Let t(o) = o**2 + 4 + 9*o + o - 6*o. Let y be t(-4). Let g be ((-4)/5)/(y/(-70)). Calculate the greatest common divisor of g and 2.
2
Let d(h) = 0 - 2*h - 2 - 1. Let w be d(-4). Suppose -w*j - 3*y = -15 - 49, -2*y - 4 = 0. Calculate the greatest common divisor of j and 98.
14
Let p = 10 - 9. Let a be 85 + (1 - 3) + p. Let j = 234 - a. Calculate the highest common factor of 15 and j.
15
Let u(c) = -c**2 - 3*c - 4. Let y be u(-4). Let i be ((-2)/(-4))/(y/(-352)). What is the highest common factor of 176 and i?
22
Suppose l = -l + 8. Let p(i) = -2*i + 12. Let j be p(5). Suppose 2*a + 52 = -j*z + 5*z, -2*a + 8 = 0. What is the greatest common factor of z and l?
4
Let x(r) = 5*r + 3. Let y be x(3). What is the greatest common divisor of 72 and y?
18
Let v(g) be the first derivative of -3*g**4/2 + g**3/3 + g**2 + g - 27. Let p be (-9)/7 + 4/14. Let r be v(p). What is the greatest common divisor of r and 30?
6
Let p be 46 + 0 + -5*2/5. What is the highest common factor of p and 11?
11
Let p be 6 + (3 - 5) - -4. Calculate the greatest common divisor of p and 12.
4
Suppose 7 = f - 3. Let g(h) = h - 5. Let s be g(f). Suppose 5*z - 4*z + 21 = 5*l, 0 = s*l - 5*z - 5. What is the highest common divisor of 1 and l?
1
Suppose w = 3 + 23. Let o be (1 - 3)*(2 + -1). Let u be 13/o*(-2 + 0). Calculate the highest common divisor of w and u.
13
Let t be ((-40)/(-35))/4 + (-246)/(-21). What is the greatest common divisor of 96 and t?
12
Let x(o) = -36*o + 22*o - 2 - 2. Let s be x(-8). Calculate the greatest common factor of s and 36.
36
Let